{"id":1539,"date":"2022-11-21T10:58:15","date_gmt":"2022-11-21T09:58:15","guid":{"rendered":"https:\/\/www.csaf.lu\/?page_id=1539"},"modified":"2023-07-14T14:32:03","modified_gmt":"2023-07-14T12:32:03","slug":"mentions-legales","status":"publish","type":"page","link":"https:\/\/www.csaf.lu\/index.php\/mentions-legales\/","title":{"rendered":"Mentions legales"},"content":{"rendered":"\t\t<div data-elementor-type=\"wp-page\" data-elementor-id=\"1539\" class=\"elementor elementor-1539\" data-elementor-post-type=\"page\">\n\t\t\t\t\t\t<section class=\"elementor-section elementor-top-section elementor-element elementor-element-dd83031 elementor-section-stretched elementor-section-boxed elementor-section-height-default elementor-section-height-default\" data-id=\"dd83031\" data-element_type=\"section\" data-e-type=\"section\" data-settings=\"{&quot;stretch_section&quot;:&quot;section-stretched&quot;,&quot;background_background&quot;:&quot;classic&quot;}\">\n\t\t\t\t\t\t<div class=\"elementor-container elementor-column-gap-default\">\n\t\t\t\t\t<div class=\"elementor-column elementor-col-100 elementor-top-column elementor-element elementor-element-f68523f\" data-id=\"f68523f\" data-element_type=\"column\" data-e-type=\"column\">\n\t\t\t<div class=\"elementor-widget-wrap elementor-element-populated\">\n\t\t\t\t\t\t<div class=\"elementor-element elementor-element-a98e694 elementor-widget elementor-widget-heading\" data-id=\"a98e694\" data-element_type=\"widget\" data-e-type=\"widget\" data-widget_type=\"heading.default\">\n\t\t\t\t<div class=\"elementor-widget-container\">\n\t\t\t\t\t<h1 class=\"elementor-heading-title elementor-size-default\">MENTIONS LEGALES<\/h1>\t\t\t\t<\/div>\n\t\t\t\t<\/div>\n\t\t\t\t<div class=\"elementor-element elementor-element-cb8ba41 elementor-widget elementor-widget-heading\" data-id=\"cb8ba41\" data-element_type=\"widget\" data-e-type=\"widget\" data-widget_type=\"heading.default\">\n\t\t\t\t<div class=\"elementor-widget-container\">\n\t\t\t\t\t<h2 class=\"elementor-heading-title elementor-size-default\">Edit\u00e9e par CSAF le 13\/07\/2023<\/h2>\t\t\t\t<\/div>\n\t\t\t\t<\/div>\n\t\t\t\t<div class=\"elementor-element elementor-element-9be3ab5 elementor-widget elementor-widget-spacer\" data-id=\"9be3ab5\" data-element_type=\"widget\" data-e-type=\"widget\" data-widget_type=\"spacer.default\">\n\t\t\t\t<div class=\"elementor-widget-container\">\n\t\t\t\t\t\t\t<div class=\"elementor-spacer\">\n\t\t\t<div class=\"elementor-spacer-inner\"><\/div>\n\t\t<\/div>\n\t\t\t\t\t\t<\/div>\n\t\t\t\t<\/div>\n\t\t\t\t\t<\/div>\n\t\t<\/div>\n\t\t\t\t\t<\/div>\n\t\t<\/section>\n\t\t\t\t<section class=\"elementor-section elementor-top-section elementor-element elementor-element-bbf2eac elementor-section-boxed elementor-section-height-default elementor-section-height-default\" data-id=\"bbf2eac\" data-element_type=\"section\" data-e-type=\"section\">\n\t\t\t\t\t\t<div class=\"elementor-container elementor-column-gap-default\">\n\t\t\t\t\t<div class=\"elementor-column elementor-col-100 elementor-top-column elementor-element elementor-element-27b64f7\" data-id=\"27b64f7\" data-element_type=\"column\" data-e-type=\"column\">\n\t\t\t<div class=\"elementor-widget-wrap elementor-element-populated\">\n\t\t\t\t\t\t<div class=\"elementor-element elementor-element-cfde2a9 elementor-widget elementor-widget-spacer\" data-id=\"cfde2a9\" data-element_type=\"widget\" data-e-type=\"widget\" data-widget_type=\"spacer.default\">\n\t\t\t\t<div class=\"elementor-widget-container\">\n\t\t\t\t\t\t\t<div class=\"elementor-spacer\">\n\t\t\t<div class=\"elementor-spacer-inner\"><\/div>\n\t\t<\/div>\n\t\t\t\t\t\t<\/div>\n\t\t\t\t<\/div>\n\t\t\t\t<div class=\"elementor-element elementor-element-749d485 elementor-widget elementor-widget-text-editor\" data-id=\"749d485\" data-element_type=\"widget\" data-e-type=\"widget\" data-widget_type=\"text-editor.default\">\n\t\t\t\t<div class=\"elementor-widget-container\">\n\t\t\t\t\t\t\t\t\t<h3><strong>CSAF SARL<\/strong><\/h3>\n<p>Si\u00e8ge social domicili\u00e9 au 207 rue de Hamm &#8211; L1713, Luxembourg,<\/p>\n<p>Capital de 12 000 \u20ac<\/p>\n<p>Soci\u00e9t\u00e9 immatricul\u00e9e au RCS de Luxembourg sous le num\u00e9ro B215073<\/p>\n<h3><strong>Responsable de la publication&nbsp;:<\/strong><\/h3>\n<p>Agn\u00e8s Rabany<\/p>\n<p>+352 28 20 20 50<\/p>\n<p><a href=\"mailto:agnes.rabany@csaf.lu\" target=\"_blank\" rel=\"noopener\">agnes.rabany@csaf.lu<\/a><\/p>\n<h3><strong>H\u00e9bergeur :<\/strong><\/h3>\n<p>OVH SAS<br>2 rue Kellermann<\/p>\n<p>BP 80157<\/p>\n<p>59053 ROUBAIX CEDEX 1<\/p>\t\t\t\t\t\t\t\t<\/div>\n\t\t\t\t<\/div>\n\t\t\t\t\t<\/div>\n\t\t<\/div>\n\t\t\t\t\t<\/div>\n\t\t<\/section>\n\t\t\t\t<\/div>\n\t\t","protected":false},"excerpt":{"rendered":"<p>MENTIONS LEGALES Edit\u00e9e par CSAF le 13\/07\/2023 CSAF SARL Si\u00e8ge social domicili\u00e9 au 207 rue de Hamm &#8211; L1713, Luxembourg, Capital de 12 000 \u20ac Soci\u00e9t\u00e9 immatricul\u00e9e au RCS de Luxembourg sous le num\u00e9ro B215073 Responsable de la publication&nbsp;: Agn\u00e8s Rabany +352 28 20 20 50 agnes.rabany@csaf.lu H\u00e9bergeur : OVH SAS 2 rue Kellermann BP&hellip;&nbsp;<a href=\"https:\/\/www.csaf.lu\/index.php\/mentions-legales\/\" class=\"\" rel=\"bookmark\">Lire la suite &raquo;<span class=\"screen-reader-text\">Mentions legales<\/span><\/a><\/p>\n","protected":false},"author":3,"featured_media":0,"parent":0,"menu_order":0,"comment_status":"closed","ping_status":"closed","template":"","meta":{"neve_meta_sidebar":"","neve_meta_container":"","neve_meta_enable_content_width":"","neve_meta_content_width":0,"neve_meta_title_alignment":"","neve_meta_author_avatar":"","neve_post_elements_order":"","neve_meta_disable_header":"","neve_meta_disable_footer":"","neve_meta_disable_title":"","footnotes":""},"class_list":["post-1539","page","type-page","status-publish","hentry"],"yoast_head":"<!-- This site is optimized with the Yoast SEO plugin v26.8 - https:\/\/yoast.com\/product\/yoast-seo-wordpress\/ -->\n<title>Mentions legales - csaf.lu<\/title>\n<meta name=\"description\" content=\"Mentions l\u00e9gales du site CSAF.lu. CSAF est une soci\u00e9t\u00e9 de Conseil, S\u00e9curit\u00e9 ,Audit et Formations bas\u00e9e au Luxembourg.\" \/>\n<meta name=\"robots\" content=\"index, follow, max-snippet:-1, max-image-preview:large, max-video-preview:-1\" \/>\n<link rel=\"canonical\" href=\"https:\/\/www.csaf.lu\/index.php\/mentions-legales\/\" \/>\n<meta property=\"og:locale\" content=\"fr_FR\" \/>\n<meta property=\"og:type\" content=\"article\" \/>\n<meta property=\"og:title\" content=\"Mentions legales - csaf.lu\" \/>\n<meta property=\"og:description\" content=\"Mentions l\u00e9gales du site CSAF.lu. CSAF est une soci\u00e9t\u00e9 de Conseil, S\u00e9curit\u00e9 ,Audit et Formations bas\u00e9e au Luxembourg.\" \/>\n<meta property=\"og:url\" content=\"https:\/\/www.csaf.lu\/index.php\/mentions-legales\/\" \/>\n<meta property=\"og:site_name\" content=\"csaf.lu\" \/>\n<meta property=\"article:modified_time\" content=\"2023-07-14T12:32:03+00:00\" \/>\n<meta name=\"twitter:card\" content=\"summary_large_image\" \/>\n<meta name=\"twitter:label1\" content=\"Dur\u00e9e de lecture estim\u00e9e\" \/>\n\t<meta name=\"twitter:data1\" content=\"1 minute\" \/>\n<script type=\"application\/ld+json\" class=\"yoast-schema-graph\">{\"@context\":\"https:\/\/schema.org\",\"@graph\":[{\"@type\":\"WebPage\",\"@id\":\"https:\/\/www.csaf.lu\/index.php\/mentions-legales\/\",\"url\":\"https:\/\/www.csaf.lu\/index.php\/mentions-legales\/\",\"name\":\"Mentions legales - csaf.lu\",\"isPartOf\":{\"@id\":\"https:\/\/www.csaf.lu\/#website\"},\"datePublished\":\"2022-11-21T09:58:15+00:00\",\"dateModified\":\"2023-07-14T12:32:03+00:00\",\"description\":\"Mentions l\u00e9gales du site CSAF.lu. CSAF est une soci\u00e9t\u00e9 de Conseil, S\u00e9curit\u00e9 ,Audit et Formations bas\u00e9e au Luxembourg.\",\"breadcrumb\":{\"@id\":\"https:\/\/www.csaf.lu\/index.php\/mentions-legales\/#breadcrumb\"},\"inLanguage\":\"fr-FR\",\"potentialAction\":[{\"@type\":\"ReadAction\",\"target\":[\"https:\/\/www.csaf.lu\/index.php\/mentions-legales\/\"]}]},{\"@type\":\"BreadcrumbList\",\"@id\":\"https:\/\/www.csaf.lu\/index.php\/mentions-legales\/#breadcrumb\",\"itemListElement\":[{\"@type\":\"ListItem\",\"position\":1,\"name\":\"Accueil\",\"item\":\"https:\/\/www.csaf.lu\/\"},{\"@type\":\"ListItem\",\"position\":2,\"name\":\"Mentions legales\"}]},{\"@type\":\"WebSite\",\"@id\":\"https:\/\/www.csaf.lu\/#website\",\"url\":\"https:\/\/www.csaf.lu\/\",\"name\":\"csaf.lu\",\"description\":\"Conseil S\u00e9curit\u00e9 Audit Formation\",\"potentialAction\":[{\"@type\":\"SearchAction\",\"target\":{\"@type\":\"EntryPoint\",\"urlTemplate\":\"https:\/\/www.csaf.lu\/?s={search_term_string}\"},\"query-input\":{\"@type\":\"PropertyValueSpecification\",\"valueRequired\":true,\"valueName\":\"search_term_string\"}}],\"inLanguage\":\"fr-FR\"}]}<\/script>\n<!-- \/ Yoast SEO plugin. -->","yoast_head_json":{"title":"Mentions legales - csaf.lu","description":"Mentions l\u00e9gales du site CSAF.lu. CSAF est une soci\u00e9t\u00e9 de Conseil, S\u00e9curit\u00e9 ,Audit et Formations bas\u00e9e au Luxembourg.","robots":{"index":"index","follow":"follow","max-snippet":"max-snippet:-1","max-image-preview":"max-image-preview:large","max-video-preview":"max-video-preview:-1"},"canonical":"https:\/\/www.csaf.lu\/index.php\/mentions-legales\/","og_locale":"fr_FR","og_type":"article","og_title":"Mentions legales - csaf.lu","og_description":"Mentions l\u00e9gales du site CSAF.lu. CSAF est une soci\u00e9t\u00e9 de Conseil, S\u00e9curit\u00e9 ,Audit et Formations bas\u00e9e au Luxembourg.","og_url":"https:\/\/www.csaf.lu\/index.php\/mentions-legales\/","og_site_name":"csaf.lu","article_modified_time":"2023-07-14T12:32:03+00:00","twitter_card":"summary_large_image","twitter_misc":{"Dur\u00e9e de lecture estim\u00e9e":"1 minute"},"schema":{"@context":"https:\/\/schema.org","@graph":[{"@type":"WebPage","@id":"https:\/\/www.csaf.lu\/index.php\/mentions-legales\/","url":"https:\/\/www.csaf.lu\/index.php\/mentions-legales\/","name":"Mentions legales - csaf.lu","isPartOf":{"@id":"https:\/\/www.csaf.lu\/#website"},"datePublished":"2022-11-21T09:58:15+00:00","dateModified":"2023-07-14T12:32:03+00:00","description":"Mentions l\u00e9gales du site CSAF.lu. CSAF est une soci\u00e9t\u00e9 de Conseil, S\u00e9curit\u00e9 ,Audit et Formations bas\u00e9e au Luxembourg.","breadcrumb":{"@id":"https:\/\/www.csaf.lu\/index.php\/mentions-legales\/#breadcrumb"},"inLanguage":"fr-FR","potentialAction":[{"@type":"ReadAction","target":["https:\/\/www.csaf.lu\/index.php\/mentions-legales\/"]}]},{"@type":"BreadcrumbList","@id":"https:\/\/www.csaf.lu\/index.php\/mentions-legales\/#breadcrumb","itemListElement":[{"@type":"ListItem","position":1,"name":"Accueil","item":"https:\/\/www.csaf.lu\/"},{"@type":"ListItem","position":2,"name":"Mentions legales"}]},{"@type":"WebSite","@id":"https:\/\/www.csaf.lu\/#website","url":"https:\/\/www.csaf.lu\/","name":"csaf.lu","description":"Conseil S\u00e9curit\u00e9 Audit Formation","potentialAction":[{"@type":"SearchAction","target":{"@type":"EntryPoint","urlTemplate":"https:\/\/www.csaf.lu\/?s={search_term_string}"},"query-input":{"@type":"PropertyValueSpecification","valueRequired":true,"valueName":"search_term_string"}}],"inLanguage":"fr-FR"}]}},"_links":{"self":[{"href":"https:\/\/www.csaf.lu\/index.php\/wp-json\/wp\/v2\/pages\/1539","targetHints":{"allow":["GET"]}}],"collection":[{"href":"https:\/\/www.csaf.lu\/index.php\/wp-json\/wp\/v2\/pages"}],"about":[{"href":"https:\/\/www.csaf.lu\/index.php\/wp-json\/wp\/v2\/types\/page"}],"author":[{"embeddable":true,"href":"https:\/\/www.csaf.lu\/index.php\/wp-json\/wp\/v2\/users\/3"}],"replies":[{"embeddable":true,"href":"https:\/\/www.csaf.lu\/index.php\/wp-json\/wp\/v2\/comments?post=1539"}],"version-history":[{"count":78,"href":"https:\/\/www.csaf.lu\/index.php\/wp-json\/wp\/v2\/pages\/1539\/revisions"}],"predecessor-version":[{"id":1977,"href":"https:\/\/www.csaf.lu\/index.php\/wp-json\/wp\/v2\/pages\/1539\/revisions\/1977"}],"wp:attachment":[{"href":"https:\/\/www.csaf.lu\/index.php\/wp-json\/wp\/v2\/media?parent=1539"}],"curies":[{"name":"wp","href":"https:\/\/api.w.org\/{rel}","templated":true}]}}